= 2*o - 25 - 35. List the prime factors of o.
2, 3, 5
Let s = 41 + 87. List the prime factors of s.
2
Let y be -1*1/(-1) + 2. Suppose 2*o = -2*o - 4, -4*u - y*o = 3. Suppose u = 8*q - 3*q - 75. List the prime factors of q.
3, 5
Let z(d) = -6*d - 5. Let o be z(-7). Let n = 5 - o. List the prime factors of 2/(-6) + n/(-6).
5
Let l(z) be the first derivative of -z**2/2 - z - 1. What are the prime factors of l(-6)?
5
Suppose 3*f - 113 - 22 = 0. What are the prime factors of f?
3, 5
Let j(z) = z**3 - 2*z**2 - 12*z + 4. What are the prime factors of j(8)?
2, 73
Let b = -9 + 8. Let u be 4/(((-1)/1)/b). Suppose u*a - a - 30 = 0. What are the prime factors of a?
2, 5
Let o(f) = -6*f - 3. Let t be o(-2). Let z(d) = -1 - 16*d - 1 + 17*d. What are the prime factors of z(t)?
7
Suppose -2*q - 18 = -5*z, 0*q + q + 12 = 4*z. Suppose 6*j - 164 = z*j. List the prime factors of j.
41
Suppose 0 = -2*n + 4*n - r - 174, -2*n + 4*r + 186 = 0. What are the prime factors of n?
5, 17
Suppose 0 = -6*h + h + 90. Let q = 28 - h. What are the prime factors of q?
2, 5
Suppose 9*r = 6*r + 585. List the prime factors of r.
3, 5, 13
Let d(f) = 4*f + 20. List the prime factors of d(5).
2, 5
Let g be -3*1*2*-20. Suppose -g = -3*z - z. Suppose -4*y + y + z = 0. What are the prime factors of y?
2, 5
Let q(k) = -2*k**2 + 2*k - 2. Let s be q(2). Let c(y) = y**3 + 8*y**2 + 10*y + 6. List the prime factors of c(s).
2, 3
Let u = 13 + -13. Suppose u*x - 5 = x, 2*g = -3*x + 43. List the prime factors of g.
29
Let i = -21 + 114. List the prime factors of i.
3, 31
Let k be ((-5)/2 - 0)*-2. Suppose -4*a + k*p + 22 = 0, 5*a + 5*p - 36 = 14. List the prime factors of a.
2
Suppose -5*j + 1 - 2 = 4*p, -5*j - 5*p = 0. What are the prime factors of (j/(-2))/((-11)/(-638))?
29
Let z(j) = 22*j**3 + 1. Let g(l) = l - 7. Let q be g(8). List the prime factors of z(q).
23
Suppose 0 = -3*w - 16 + 190. List the prime factors of w.
2, 29
Suppose -4*n + 16 = -2*p + 3*p, 2*n = 4*p - 28. Suppose p = 4*c + 4*g - 8, 5*g = 2*c + 20. Suppose -4*u + u + 24 = c. List the prime factors of u.
2
Suppose 0 = 4*a + a - 415. What are the prime factors of a?
83
Let v(a) = a**2 - 8*a. Let k be v(7). List the prime factors of (58/(-4))/(k/14).
29
What are the prime factors of 30/1*(80/(-25) + 4)?
2, 3
Suppose -3*t = 2*t - 115. What are the prime factors of t?
23
Let v be (16/(-10))/((-2)/(-25)). Let d be 2*1 - (v - 1). Let t = -14 + d. What are the prime factors of t?
3
Suppose 19 = i + 2*q, -i - 3*q = -2*i - 1. What are the prime factors of i?
11
Let t(c) = -c**2 + 7*c + 6. Suppose 0*z = 3*z - 2*a - 26, 3*z = 3*a + 30. What are the prime factors of t(z)?
2, 3
Let j = -9 - -15. Let t(a) = a**3 - 4*a**2 - 9*a + 9. Let h be t(j). Suppose -h = -2*r - 3. List the prime factors of r.
2, 3
Let q = 7 + 43. List the prime factors of q.
2, 5
Let k = 20 + -10. Let z(g) = 0*g + k*g - 8*g. What are the prime factors of z(8)?
2
Let l(z) = 3*z - 9. Let j be (-2)/(-4)*(-24)/(-2). Let h be l(j). Suppose -3*n = -6*n + h. What are the prime factors of n?
3
List the prime factors of 0 + 79 + 15 + -16.
2, 3, 13
Let z(p) = p**2 - 2 + 5 - 5*p - 2 + 3. List the prime factors of z(7).
2, 3
Let m(l) = -3*l - 20. Let w be m(-8). Suppose -34 = -w*c - 2. What are the prime factors of c?
2
Suppose 2*x - k + 7 = 4*k, 5*k - 35 = -5*x. Suppose -x = 2*b - 24. What are the prime factors of b?
2, 5
Let c(f) = 30*f + 6. What are the prime factors of c(4)?
2, 3, 7
Let l be 16/10 - 4/(-10). Suppose y - l*t = 0, 2*y + 2*t - 7 = -t. List the prime factors of 9/y*4/6.
3
Suppose 0 = -6*b + 5*b + 82. List the prime factors of 9/27 - b/(-6).
2, 7
Let w = -1 - -8. Let d = -4 + w. Suppose -53 = -d*i + g, 5*i + 6*g = 2*g + 60. What are the prime factors of i?
2
Suppose 3*m - 4*b - 24 = 164, -5*b + 170 = 3*m. List the prime factors of m.
2, 3, 5
Suppose 0 = 3*n + n - 8. Suppose -n*h = h - 33. What are the prime factors of h?
11
Let p = 54 + -24. List the prime factors of p.
2, 3, 5
Let b(x) = 2*x**2 + 5*x - 3. Let o be b(-4). Let j = 17 - o. What are the prime factors of j?
2
Suppose -19*v + 13*v + 558 = 0. What are the prime factors of v?
3, 31
Let t be ((-6)/9)/(4/6). Let s be (1 + -3)*(t + -1). Let h = 9 - s. List the prime factors of h.
5
Suppose -4*m = 94 - 18. Let r = m + 29. Suppose 2*u - 48 + 8 = 3*n, -u - n + r = 0. What are the prime factors of u?
2, 7
List the prime factors of 24/36 + (-712)/(-3).
2, 7, 17
Suppose 2*c + 2*v - 62 = 0, 3*v = -c - 3*c + 128. What are the prime factors of c?
5, 7
Let i = -15 - -45. What are the prime factors of i?
2, 3, 5
Let u(w) = -3*w - 5. Let l be 9/(-54) + 23/(-6). Let q be u(l). Suppose q - 25 = -3*i - 3*p, 4 = 4*p. What are the prime factors of i?
5
Suppose 4*v - 2*t = 398 + 72, -2*t = 10. List the prime factors of v.
5, 23
Let f = 1 + 4. Suppose -f*c = 4*l + 27, 0 = 2*c + 6. List the prime factors of (l/(-6) + -1)*-6.
3
Suppose -4*d + 10 + 6 = 0. Suppose 3*a = -d*j + 6*j + 45, 0 = -2*a + 2*j + 32. What are the prime factors of a?
13
Suppose -2*f = 3*f. Suppose s = -w, f*s = -2*s - 4. What are the prime factors of w?
2
Suppose 3*l - 14 = -2. Suppose 0 = -l*d - 5 + 17. What are the prime factors of d?
3
Let g(l) = -5*l - 3. Let m be g(-4). Suppose f - 16 = -3*x, 2*f + m - 43 = -3*x. List the prime factors of f.
2, 5
Let y(j) = -3*j + 13. Let z be y(9). Let p = 4 - z. List the prime factors of p.
2, 3
Suppose 4*u - 2*u - 102 = 0. What are the prime factors of u?
3, 17
Suppose -2*s - 1 = -6*s - l, -5*s = -3*l + 3. Let o(r) = r + 9. List the prime factors of o(s).
3
Suppose -7*m + 65 = -2*m. Suppose -3*x - 3*g + 45 = 0, -42 - m = -4*x + g. Suppose -5*w - 7*s - 2 = -4*s, -5*s = 3*w + x. List the prime factors of w.
2
Let z(m) = -m**2 + 6*m + 7. Let j be z(7). List the prime factors of j*1/(-3) - -6.
2, 3
Let m = -7 + 15. What are the prime factors of m?
2
Let w be ((-39)/2)/(9/(-18)). Let d = -26 + w. List the prime factors of d.
13
Suppose 3*q - 2*f - 13 + 0 = 0, 0 = -5*q - 3*f + 47. List the prime factors of q.
7
Let t be 20 + 0 + 0/(-4). Suppose -l = g - t, -88 = -5*g - l - 4. What are the prime factors of g?
2
Suppose 6*g - 307 = 155. List the prime factors of g.
7, 11
Let n(r) = r**2 + 2*r - 6. What are the prime factors of n(5)?
29
Let d = -91 + 242. List the prime factors of d.
151
Suppose -6 = -m - m. Suppose -4*f + 18 = 6, -m*c = 3*f - 57. What are the prime factors of c?
2
Let m = 410 + -182. What are the prime factors of m?
2, 3, 19
Let w(k) = -k + 13. Let v(l) = -l + 7. Let a(r) = 7*v(r) - 4*w(r). Suppose 24 = -4*i - 0. List the prime factors of a(i).
3, 5
Suppose -3*i = -6*i. Suppose 2*d + 2*d - 4 = i. List the prime factors of 2*(d + -1 - -4).
2
Suppose 53 - 13 = 5*t. List the prime factors of t.
2
Let v = -3 + 7. Let f = 10 - 7. Suppose -f*n + 27 + 8 = -l, v*n = 3*l + 45. What are the prime factors of n?
2, 3
Suppose -2*o + 9 = -3*r - 3*o, -2*r + o = 6. Let q be 13 + (r - (-1 - 1)). Suppose -5*a + q = -8. List the prime factors of a.
2
Suppose 0*d = -3*d + 27. Let r(f) = f**3 - 10*f**2 + 10*f - 3. Let w be r(d). Let p(k) = k**2 - 3*k - 8. What are the prime factors of p(w)?
2, 5
Suppose -2*g = g + 87. Let s = g - -66. List the prime factors of s.
37
Suppose 0 = 2*y - 3 + 1, 3*w + y - 7 = 0. Let n(v) = v - 10. Let m be n(9). Let j = w - m. What are the prime factors of j?
3
Let w = -18 + 7. Let l(a) = a + 22. List the prime factors of l(w).
11
Let r(t) = 3*t**3 - 23*t**2 - 27*t - 14. Let j(p) = 2*p**3 - 12*p**2 - 14*p - 7. Let o(m) = -5*j(m) + 3*r(m). What are the prime factors of o(-8)?
17
Suppose f - 132 = -0*f. Suppose -5*s = -83 - f. Suppose 4*b - 46 = -0*d - d, -3*b - 5*d = -s. What are the prime factors of b?
11
Let y be 24/30*10/4. Suppose -y*v - 2*v = -12. Suppose 2*s = -5*m + 13 + 20, -m + 2*s - v = 0. List the prime factors of m.
5
Let a(z) = -4*z - 20. What are the prime factors of a(-16)?
2, 11
Let h(k) = -k**2 + 5*k - 3. Let f(x) = 2*x - 7. Let q be f(5). Let z be h(q). Let u = z - -4. List the prime factors of u.
7
Let c = -20 - -41. What are the prime factors of c?
3, 7
Let g = 18 + -40. Let p = -5 - g. List the prime factors of p.
17
Suppose w + w - 5*j - 28 = 0, -3*j = -2*w + 20. Suppose 69 + 71 = w*z. What are the prime factors of z?
5, 7
Let d be 3 + (3 - (2 + -1)). Suppose -4*b - 5*s + 80 